{"id":107,"date":"2017-09-29T12:03:16","date_gmt":"2017-09-29T15:03:16","guid":{"rendered":"https:\/\/cgr.ufpr.br\/portal\/?page_id=107"},"modified":"2021-08-18T08:36:26","modified_gmt":"2021-08-18T11:36:26","slug":"a-cgr","status":"publish","type":"page","link":"https:\/\/cgr.ufpr.br\/portal\/a-cgr\/","title":{"rendered":"A CGR"},"content":{"rendered":"<p style=\"margin: 12px 0;\">A Coordenadoria de Governan\u00e7a e Riscos da UFPR \u00e9 ligada \u00e0 <a href=\"http:\/\/proplan.ufpr.br\" target=\"_blank\" rel=\"noopener noreferrer\">Pr\u00f3-Reitoria de Planejamento, Or\u00e7amento e Finan\u00e7as<\/a>.<\/p>\n<p style=\"margin: 12px 0;\">Em 2017, durante o primeiro ano da gest\u00e3o do Magn\u00edfico Reitor Prof. Dr. Ricardo Marcelo Fonseca e Vice-reitora Prof\u00aa Dr\u00aa Graciela In\u00eas Bolz\u00f3n de Muniz \u00e0 frente da UFPR, a convite do ent\u00e3o Pr\u00f3-reitor de Planejamento, Prof. Dr. Fernando Marinho Mezzadri, os servidores Aldemir Junglos, estat\u00edstico, Alexandra Dantas Roeder Wisniewski e Amar\u00edlio Motta Floriano, analistas de tecnologia da informa\u00e7\u00e3o, elaboraram projeto para cria\u00e7\u00e3o da CGR para atuar, em parceria com as unidades institucionais, na \u00e1rea de governan\u00e7a p\u00fablica, tendo como principais finalidades:<\/p>\n<blockquote>\n<p style=\"margin: 12px 0;\">analisar, implantar e suportar metodologias apropriadas \u00e0 gest\u00e3o de processos baseadas em boas pr\u00e1ticas;<\/p>\n<p style=\"margin: 12px 0;\">promover a cultura de <a href=\"https:\/\/cgr.ufpr.br\/gestao-por-processos\">processos<\/a> na Institui\u00e7\u00e3o;<\/p>\n<p style=\"margin: 12px 0;\">acompanhar a execu\u00e7\u00e3o e propor a\u00e7\u00f5es para gest\u00e3o, automatiza\u00e7\u00e3o e melhoria cont\u00ednua dos processos de trabalho da Universidade, com vistas \u00e0 celeridade, efetividade, conformidade, transpar\u00eancia, controle e <a href=\"https:\/\/cgr.ufpr.br\/gestao-de-custos\">economicidade<\/a>;<\/p>\n<p style=\"margin: 12px 0;\">analisar, implantar e suportar metodologias apropriadas \u00e0 <a href=\"https:\/\/cgr.ufpr.br\/gestao-de-riscos\">gest\u00e3o de riscos<\/a>, baseadas em boas pr\u00e1ticas;<\/p>\n<p style=\"margin: 12px 0;\">identificar, analisar e gerenciar, em n\u00edvel estrat\u00e9gico, riscos que possam impactar a consecu\u00e7\u00e3o dos objetivos estabelecidos pelo Poder P\u00fablico e pelo planejamento da UFPR;<\/p>\n<p style=\"margin: 12px 0;\">gerenciar protocolos eletr\u00f4nicos institucionais, incluindo o sistema <a title=\"Sistema Eletr\u00f4nico de Informa\u00e7\u00f5es\" href=\"https:\/\/cgr.ufpr.br\/sei\">SEI<\/a>, Barramento de Integra\u00e7\u00e3o, Protocolo Integrado;<\/p>\n<p style=\"margin: 12px 0;\">minerar dados, analis\u00e1-los e propor a\u00e7\u00f5es para minimizar custos;<\/p>\n<p style=\"margin: 12px 0;\">elaborar indicadores adequados aos processos estrat\u00e9gicos da institui\u00e7\u00e3o;<\/p>\n<p style=\"margin: 12px 0;\">prestar suporte \u00e0s unidades na elabora\u00e7\u00e3o de indicadores;<\/p>\n<p style=\"margin: 12px 0;\">manter o <a href=\"https:\/\/cgr.ufpr.br\/organograma\">organograma<\/a> e fun\u00e7\u00f5es da UFPR atualizado; e<\/p>\n<p style=\"margin: 12px 0;\">elaborar relat\u00f3rios e informa\u00e7\u00f5es para subsidiar o CGRC \u2013 Comit\u00ea Gestor de Governan\u00e7a, Riscos e Controles Internos na tomada de decis\u00f5es.<\/p>\n<\/blockquote>\n<h3>Hist\u00f3rico<\/h3>\n<blockquote>\n<p style=\"margin: 12px 0;\"><a title=\"Veja not\u00edcia na \u00edntegra\" href=\"http:\/\/www.ufpr.br\/portalufpr\/noticias\/ufpr-cria-coordenadoria-de-governanca-e-riscos-para-atuar-na-gestao-institucional\/\" target=\"_blank\" rel=\"noopener noreferrer\">01\/08\/2017<\/a> \u2013 IN\u00cdCIO DAS ATIVIDADES DA CGR<\/p>\n<p style=\"margin: 12px 0;\">07\/12\/2017 \u2013 INSTITU\u00cdDO O CGRC &#8211; Comit\u00ea de Governan\u00e7a, Riscos e Controles internos pela portaria n\u00ba 810 (substitu\u00edda pela Portaria n\u00ba 821, de 08\/12\/2017), Presidido pelo Magn\u00edfico Reitor (Presidente) e composto pelos Pr\u00f3\u2013reitores e CGR<\/p>\n<p style=\"margin: 12px 0;\"><a title=\"Veja not\u00edcia na \u00edntegra\" href=\"http:\/\/www.ufpr.br\/portalufpr\/noticias\/ufpr-cria-coordenadoria-de-governanca-e-riscos\/\" target=\"_blank\" rel=\"noopener noreferrer\">28\/02\/2018<\/a> \u2013 APROVADA A CRIA\u00c7\u00c3O DA UNIDADE CGR POR UNANIMIDADE DE VOTOS, NO COPLAD, com a responsabilidade de atuar na \u00e1rea de governan\u00e7a p\u00fablica<\/p>\n<\/blockquote>\n<h3>Conformidade legal<\/h3>\n<blockquote>\n<p style=\"margin: 12px 0;\"><a title=\"Clique para abrir em nova guia\" href=\"http:\/\/www.planalto.gov.br\/ccivil_03\/_ato2004-2006\/2006\/decreto\/d5707.htm\" target=\"_blank\" rel=\"noopener noreferrer\">Decreto n\u00ba 5.707<\/a>, de 23 de fevereiro de 2006 &#8211; uma das finalidades da Pol\u00edtica Nacional de Desenvolvimento de Pessoal \u00e9 a melhoria da efici\u00eancia, efic\u00e1cia e qualidade dos servi\u00e7os p\u00fablicos prestados ao cidad\u00e3o.<\/p>\n<p style=\"margin: 12px 0;\"><a title=\"Clique para abrir em nova guia\" href=\"http:\/\/www.planalto.gov.br\/ccivil_03\/_ato2007-2010\/2009\/decreto\/d6944.htm\" target=\"_blank\" rel=\"noopener noreferrer\">Decreto n\u00ba 6.944<\/a>, de 21 de agosto de 2009 &#8211; estabelece medidas organizacionais para o aprimoramento da administra\u00e7\u00e3o p\u00fablica federal, onde se inclui necessidades relativas ao desenvolvimento organizacional dos org\u00e3os e entidades sob a forma de sistem &#8211; SIORG (Sistema de Organiza\u00e7\u00e3o e Inova\u00e7\u00e3o Institucional do Governo Federal).<\/p>\n<p style=\"margin: 12px 0;\"><a title=\"Clique para baixar\" href=\"http:\/\/www.cgu.gov.br\/sobre\/legislacao\/arquivos\/instrucoes-normativas\/in_cgu_mpog_01_2016.pdf\" target=\"_blank\" rel=\"noopener noreferrer\">IN Conjunta n\u00ba 01 \u2013 CGU\/MP<\/a>, de 10 de maio de 2016 &#8211; a Controladoria Geral da Uni\u00e3o \u2013 CGU \u2013 e o Minist\u00e9rio de Planejamento, Or\u00e7amento Gest\u00e3o \u2013 MP, determinaram aos \u00f3rg\u00e3os e entidades do Poder Executivo Federal a ado\u00e7\u00e3o de uma s\u00e9rie de medidas para a sistematiza\u00e7\u00e3o de pr\u00e1ticas relacionadas \u00e0 gest\u00e3o de riscos, controles internos e governan\u00e7a. A partir dela, o Reitor da UFPR passa a ser o principal respons\u00e1vel pelo estabelecimento da estrat\u00e9gia de organiza\u00e7\u00e3o e da estrutura de gerenciamento de riscos, e tamb\u00e9m do monitoramento e aperfei\u00e7oamento continuados dos controles internos de gest\u00e3o. Cada risco mapeado e avaliado deve estar associado a um agente respons\u00e1vel formalmente identificado. O agente respons\u00e1vel pelo risco deve ser um gestor com al\u00e7ada suficiente para orientar e acompanhar as a\u00e7\u00f5es de mapeamento, avalia\u00e7\u00e3o e mitiga\u00e7\u00e3o do risco. As tipologias de risco abrangem: riscos operacionais, de imagem ou reputa\u00e7\u00e3o do \u00f3rg\u00e3o, legais e financeiros ou or\u00e7ament\u00e1rios.<\/p>\n<p style=\"margin: 12px 0;\"><a title=\"Clique para abrir em nova guia\" href=\"http:\/\/www.planalto.gov.br\/ccivil_03\/_ato2015-2018\/2017\/decreto\/D9203.htm\" target=\"_blank\" rel=\"noopener noreferrer\">Decreto n\u00ba 9.203<\/a>, de 22 de novembro de 2017 &#8211; disp\u00f5e sobre a pol\u00edtica de governan\u00e7a da administra\u00e7\u00e3o p\u00fablica federal, onde a alta administra\u00e7\u00e3o dever\u00e1, entre outros, &#8220;implementar e manter mecanismos, inst\u00e2ncias e as pr\u00e1ticas de governan\u00e7a. Os \u00f3rg\u00e3os e entidades da administra\u00e7\u00e3o p\u00fablica federal dever\u00e3o &#8220;executar a pol\u00edtica de governan\u00e7a p\u00fablica e implantar o &#8220;Programa de Integridade&#8221; com o objetivo de promover a ado\u00e7\u00e3o de medidas e a\u00e7\u00f5es institucionais destinadas \u00e0 preven\u00e7\u00e3o, detec\u00e7\u00e3o, puni\u00e7\u00e3o e remedia\u00e7\u00e3o de fraudes e atos de corrup\u00e7\u00e3o.<\/p>\n<\/blockquote>\n<h3>Saiba mais<\/h3>\n<blockquote>\n<p style=\"margin: 12px 0;\"><a href=\"https:\/\/cgr.ufpr.br\/portal\/carta-de-servicos\/\">Carta de Servi\u00e7os<\/a> &#8211; descubra os servi\u00e7os que a CGR disponibiliza \u00e0 comunidade universit\u00e1ria da UFPR<\/p>\n<p style=\"margin: 12px 0;\"><a href=\"https:\/\/cgr.ufpr.br\/portal\/equipe\/\">Equipe<\/a> &#8211; veja com quem voc\u00ea pode contar para apoiar a melhoria de seus processos<\/p>\n<p style=\"margin: 12px 0;\"><a href=\"https:\/\/cgr.ufpr.br\/portal\/noticias\">Not\u00edcias<\/a> &#8211; fique por dentro das a\u00e7\u00f5es da CGR<\/p>\n<p style=\"margin: 12px 0;\"><a href=\"https:\/\/cgr.ufpr.br\/portal\/portfolio\">Portf\u00f3lio de Programas e Projetos<\/a> &#8211; conhe\u00e7a as a\u00e7\u00f5es da CGR para fortalecer a governan\u00e7a, gest\u00e3o e o desenvolvimento da UFPR<\/p>\n<\/blockquote>\n","protected":false},"excerpt":{"rendered":"<p>A Coordenadoria de Governan\u00e7a e Riscos da UFPR \u00e9 ligada \u00e0 Pr\u00f3-Reitoria de Planejamento, Or\u00e7amento e Finan\u00e7as. Em 2017, durante o primeiro ano da gest\u00e3o do Magn\u00edfico Reitor Prof. Dr. Ricardo Marcelo Fonseca e Vice-reitora Prof\u00aa Dr\u00aa Graciela In\u00eas Bolz\u00f3n de Muniz \u00e0 frente da UFPR, a convite do ent\u00e3o Pr\u00f3-reitor de Planejamento, Prof. Dr. [&hellip;]<\/p>\n","protected":false},"author":8,"featured_media":0,"parent":0,"menu_order":0,"comment_status":"closed","ping_status":"closed","template":"","meta":{"footnotes":""},"class_list":["post-107","page","type-page","status-publish","hentry"],"_links":{"self":[{"href":"https:\/\/cgr.ufpr.br\/portal\/wp-json\/wp\/v2\/pages\/107","targetHints":{"allow":["GET"]}}],"collection":[{"href":"https:\/\/cgr.ufpr.br\/portal\/wp-json\/wp\/v2\/pages"}],"about":[{"href":"https:\/\/cgr.ufpr.br\/portal\/wp-json\/wp\/v2\/types\/page"}],"author":[{"embeddable":true,"href":"https:\/\/cgr.ufpr.br\/portal\/wp-json\/wp\/v2\/users\/8"}],"replies":[{"embeddable":true,"href":"https:\/\/cgr.ufpr.br\/portal\/wp-json\/wp\/v2\/comments?post=107"}],"version-history":[{"count":18,"href":"https:\/\/cgr.ufpr.br\/portal\/wp-json\/wp\/v2\/pages\/107\/revisions"}],"predecessor-version":[{"id":1390,"href":"https:\/\/cgr.ufpr.br\/portal\/wp-json\/wp\/v2\/pages\/107\/revisions\/1390"}],"wp:attachment":[{"href":"https:\/\/cgr.ufpr.br\/portal\/wp-json\/wp\/v2\/media?parent=107"}],"curies":[{"name":"wp","href":"https:\/\/api.w.org\/{rel}","templated":true}]}}