{"id":1426,"date":"2021-10-18T17:44:14","date_gmt":"2021-10-18T20:44:14","guid":{"rendered":"https:\/\/cgr.ufpr.br\/portal\/?page_id=1426"},"modified":"2021-10-18T18:35:18","modified_gmt":"2021-10-18T21:35:18","slug":"indicadores-integridade","status":"publish","type":"page","link":"https:\/\/cgr.ufpr.br\/portal\/indicadores-integridade\/","title":{"rendered":"Indicadores de Integridade"},"content":{"rendered":"\n<p>Conhe\u00e7a os principais indicadores de Integridade para a UFPR.<\/p>\n\n\n\n<p><a href=\"https:\/\/cgr.ufpr.br\/portal\/pesquisa-de-percepcao-cgu\/\">Pesquisa de Percep\u00e7\u00e3o sobre Integridade P\u00fablica<\/a><\/p>\n","protected":false},"excerpt":{"rendered":"<p>Conhe\u00e7a os principais indicadores de Integridade para a UFPR. Pesquisa de Percep\u00e7\u00e3o sobre Integridade P\u00fablica<\/p>\n","protected":false},"author":9,"featured_media":0,"parent":0,"menu_order":0,"comment_status":"closed","ping_status":"closed","template":"","meta":{"footnotes":""},"class_list":["post-1426","page","type-page","status-publish","hentry"],"_links":{"self":[{"href":"https:\/\/cgr.ufpr.br\/portal\/wp-json\/wp\/v2\/pages\/1426","targetHints":{"allow":["GET"]}}],"collection":[{"href":"https:\/\/cgr.ufpr.br\/portal\/wp-json\/wp\/v2\/pages"}],"about":[{"href":"https:\/\/cgr.ufpr.br\/portal\/wp-json\/wp\/v2\/types\/page"}],"author":[{"embeddable":true,"href":"https:\/\/cgr.ufpr.br\/portal\/wp-json\/wp\/v2\/users\/9"}],"replies":[{"embeddable":true,"href":"https:\/\/cgr.ufpr.br\/portal\/wp-json\/wp\/v2\/comments?post=1426"}],"version-history":[{"count":3,"href":"https:\/\/cgr.ufpr.br\/portal\/wp-json\/wp\/v2\/pages\/1426\/revisions"}],"predecessor-version":[{"id":1440,"href":"https:\/\/cgr.ufpr.br\/portal\/wp-json\/wp\/v2\/pages\/1426\/revisions\/1440"}],"wp:attachment":[{"href":"https:\/\/cgr.ufpr.br\/portal\/wp-json\/wp\/v2\/media?parent=1426"}],"curies":[{"name":"wp","href":"https:\/\/api.w.org\/{rel}","templated":true}]}}