{"id":1644,"date":"2022-05-20T17:00:07","date_gmt":"2022-05-20T20:00:07","guid":{"rendered":"https:\/\/cgr.ufpr.br\/portal\/?page_id=1644"},"modified":"2025-01-17T12:40:12","modified_gmt":"2025-01-17T15:40:12","slug":"material-de-apoio","status":"publish","type":"page","link":"https:\/\/cgr.ufpr.br\/portal\/material-de-apoio\/","title":{"rendered":"Material de apoio"},"content":{"rendered":"<h4>Metodologia<\/h4>\n<blockquote>\n<p><a href=\"https:\/\/cgr.ufpr.br\/portal\/wp-content\/uploads\/2025\/01\/Manual_Riscos.pdf\">Manual de gest\u00e3o de riscos da UFPR<\/a><br \/><a href=\"https:\/\/docs.ufpr.br\/~amarilio.floriano\/processo\/UFPR_-_Governanca_e_conformidade\/#diagram\/e87c8025-e193-45b0-a030-10fbe589b7dd\" target=\"_blank\" rel=\"noopener\">Modelo de processo<\/a><\/p>\n<\/blockquote>\n<h4>V\u00eddeos<\/h4>\n<blockquote>\n<p><a href=\"https:\/\/eduplay.rnp.br\/portal\/video\/erm1\" target=\"_blank\" rel=\"noopener\">1 &#8211; Aspectos gerais relacionados \u00e0 gest\u00e3o de riscos<\/a><br \/><a href=\"https:\/\/eduplay.rnp.br\/portal\/video\/erm2\" target=\"_blank\" rel=\"noopener\">2 &#8211; \u00c1gatha &#8211; tela inicial e cadastro preliminar da identifica\u00e7\u00e3o dos eventos de risco<\/a><br \/><a href=\"https:\/\/eduplay.rnp.br\/portal\/video\/erm3\" target=\"_blank\" rel=\"noopener\">3 &#8211; \u00c1gatha &#8211; identifica\u00e7\u00e3o de eventos de risco, suas causas e consequ\u00eancias<\/a><br \/><a href=\"https:\/\/eduplay.rnp.br\/portal\/video\/erm4\" target=\"_blank\" rel=\"noopener\">4 &#8211; \u00c1gatha &#8211; avalia\u00e7\u00e3o de riscos e controles existentes e resposta a riscos<\/a><br \/><a href=\"https:\/\/eduplay.rnp.br\/portal\/video\/erm5\" target=\"_blank\" rel=\"noopener\">5 &#8211; \u00c1gatha &#8211; Planos de controle e valida\u00e7\u00e3o da gest\u00e3o de riscos pelo gestor<\/a><\/p>\n<\/blockquote>\n\n\n<p><\/p>\n\n\n\n<p><\/p>\n\n\n\n<p><\/p>\n","protected":false},"excerpt":{"rendered":"<p>Metodologia Manual de gest\u00e3o de riscos da UFPRModelo de processo V\u00eddeos 1 &#8211; Aspectos gerais relacionados \u00e0 gest\u00e3o de riscos2 &#8211; \u00c1gatha &#8211; tela inicial e cadastro preliminar da identifica\u00e7\u00e3o dos eventos de risco3 &#8211; \u00c1gatha &#8211; identifica\u00e7\u00e3o de eventos de risco, suas causas e consequ\u00eancias4 &#8211; \u00c1gatha &#8211; avalia\u00e7\u00e3o de riscos e controles existentes [&hellip;]<\/p>\n","protected":false},"author":8,"featured_media":0,"parent":0,"menu_order":0,"comment_status":"closed","ping_status":"closed","template":"","meta":{"footnotes":""},"class_list":["post-1644","page","type-page","status-publish","hentry"],"_links":{"self":[{"href":"https:\/\/cgr.ufpr.br\/portal\/wp-json\/wp\/v2\/pages\/1644","targetHints":{"allow":["GET"]}}],"collection":[{"href":"https:\/\/cgr.ufpr.br\/portal\/wp-json\/wp\/v2\/pages"}],"about":[{"href":"https:\/\/cgr.ufpr.br\/portal\/wp-json\/wp\/v2\/types\/page"}],"author":[{"embeddable":true,"href":"https:\/\/cgr.ufpr.br\/portal\/wp-json\/wp\/v2\/users\/8"}],"replies":[{"embeddable":true,"href":"https:\/\/cgr.ufpr.br\/portal\/wp-json\/wp\/v2\/comments?post=1644"}],"version-history":[{"count":8,"href":"https:\/\/cgr.ufpr.br\/portal\/wp-json\/wp\/v2\/pages\/1644\/revisions"}],"predecessor-version":[{"id":2286,"href":"https:\/\/cgr.ufpr.br\/portal\/wp-json\/wp\/v2\/pages\/1644\/revisions\/2286"}],"wp:attachment":[{"href":"https:\/\/cgr.ufpr.br\/portal\/wp-json\/wp\/v2\/media?parent=1644"}],"curies":[{"name":"wp","href":"https:\/\/api.w.org\/{rel}","templated":true}]}}