{"id":2159,"date":"2024-09-11T10:29:09","date_gmt":"2024-09-11T13:29:09","guid":{"rendered":"https:\/\/cgr.ufpr.br\/portal\/?page_id=2159"},"modified":"2024-09-11T12:07:49","modified_gmt":"2024-09-11T15:07:49","slug":"governanca-de-projetos-na-ufpr","status":"publish","type":"page","link":"https:\/\/cgr.ufpr.br\/portal\/governanca-de-projetos-na-ufpr\/","title":{"rendered":"Governan\u00e7a de projetos na UFPR"},"content":{"rendered":"\n<p>Parcerias, Contratos, Conv\u00eanios, Mobilidade Acad\u00eamica, Emendas Parlamentares, FDA, &#8230;<\/p>\n\n\n\n<p>Saiba aqui onde buscar informa\u00e7\u00f5es sobre cada um desses acordos!<\/p>\n\n\n\n<p>EMENDAS PARLAMENTARES &#8211; <a href=\"https:\/\/spin.ufpr.br\/emendas-parlamentares\/\">Emendas Parlamentares \u2013 SPIn UFPR<\/a><\/p>\n\n\n\n<p>PARCERIAS COM EMPRESAS E ORGANIZA\u00c7\u00d5ES &#8211; <a href=\"https:\/\/spin.ufpr.br\/parcerias-empresas\/\">Empresas e Organiza\u00e7\u00f5es \u2013 SPIn UFPR<\/a><\/p>\n\n\n\n<ul class=\"wp-block-list\">\n<li><a href=\"https:\/\/docs.ufpr.br\/~amarilio.floriano\/processo\/UFPR_-_Parceria\/#diagram\/6df5f520-4440-449a-b5b5-c255f81efef4\" data-type=\"link\" data-id=\"https:\/\/docs.ufpr.br\/~amarilio.floriano\/processo\/UFPR_-_Parceria\/#diagram\/6df5f520-4440-449a-b5b5-c255f81efef4\">Contrato com empresa<\/a><\/li>\n\n\n\n<li><a href=\"https:\/\/docs.ufpr.br\/~amarilio.floriano\/processo\/UFPR_-_Parceria\/#diagram\/1ee749cc-5a3a-4063-916e-d4a6b3070531\">Transfer\u00eancia de tecnologia<\/a><\/li>\n\n\n\n<li><a href=\"https:\/\/docs.ufpr.br\/~amarilio.floriano\/processo\/UFPR_-_Parceria\/#diagram\/1b21dc34-574f-4ab4-98a8-7e1e6e67daf9\">Protocolo de inten\u00e7\u00f5es<\/a><\/li>\n\n\n\n<li><a href=\"https:\/\/docs.ufpr.br\/~amarilio.floriano\/processo\/UFPR_-_Parceria\/#diagram\/021acdc4-1add-4551-847b-b1b8b4d7524a\">Execu\u00e7\u00e3o descentralizada<\/a><\/li>\n\n\n\n<li><a href=\"https:\/\/docs.ufpr.br\/~amarilio.floriano\/processo\/UFPR_-_Parceria\/#diagram\/7900c654-badf-4a0d-9a13-6c8fa49b6ee7\">Coopera\u00e7\u00e3o T\u00e9cnica<\/a><\/li>\n\n\n\n<li><a href=\"https:\/\/docs.ufpr.br\/~amarilio.floriano\/processo\/UFPR_-_Parceria\/#diagram\/471f310e-2243-4cec-9ecb-26f6fdb873dd\">Conv\u00eanio com Funda\u00e7\u00e3o Arauc\u00e1ria ou SETI<\/a><\/li>\n\n\n\n<li><a href=\"https:\/\/docs.ufpr.br\/~amarilio.floriano\/processo\/UFPR_-_Parceria\/#diagram\/ff014a8a-168a-40cf-a877-3c738be6971e\">Contrato internacional<\/a><\/li>\n\n\n\n<li><a href=\"https:\/\/docs.ufpr.br\/~amarilio.floriano\/processo\/UFPR_-_Parceria\/#diagram\/b983c839-90dc-41d8-843f-904097defe7b\">Contrato de patroc\u00ednio<\/a><\/li>\n\n\n\n<li><a href=\"https:\/\/docs.ufpr.br\/~amarilio.floriano\/processo\/UFPR_-_Parceria\/#diagram\/bc17ee9f-3d24-4b60-b04b-31a2eba62f84\">Contrato de consigna\u00e7\u00e3o<\/a><\/li>\n\n\n\n<li><a href=\"https:\/\/docs.ufpr.br\/~amarilio.floriano\/processo\/UFPR_-_Parceria\/#diagram\/566da18e-ca01-465f-be3a-3b9851bd0818\">Aditivo<\/a><\/li>\n\n\n\n<li><a href=\"https:\/\/docs.ufpr.br\/~amarilio.floriano\/processo\/UFPR_-_Parceria\/#diagram\/6e7cc4a4-f4ce-4c8b-92a5-7c3a5b62b092\">Altera\u00e7\u00e3o de Plano de trabalho<\/a><\/li>\n<\/ul>\n\n\n\n<p>PROGRAMA DE DOA\u00c7\u00d5ES &#8211; <a href=\"https:\/\/spin.ufpr.br\/programa-de-doacoes\/\">Programa de Doa\u00e7\u00f5es \u2013 SPIn UFPR<\/a><\/p>\n\n\n\n<ul class=\"wp-block-list\">\n<li><a href=\"https:\/\/docs.ufpr.br\/~amarilio.floriano\/processo\/UFPR_-_Parceria\/#diagram\/33ac65c5-76b3-4895-b0b5-a8633a114523\">Acordo de transfer\u00eancia de material (MTA)<\/a><\/li>\n<\/ul>\n\n\n\n<p>FUNDA\u00c7\u00d5ES DE APOIO &#8211; <a href=\"https:\/\/spin.ufpr.br\/fundacoes-de-apoio\/\">Funda\u00e7\u00f5es de Apoio \u2013 SPIn UFPR<\/a><\/p>\n\n\n\n<ul class=\"wp-block-list\">\n<li><a href=\"https:\/\/docs.ufpr.br\/~amarilio.floriano\/processo\/UFPR_-_Parceria\/#diagram\/79b44322-a6ef-4ed6-9e50-47bc70dafecf\">Contrato com funda\u00e7\u00e3o de apoio<\/a><\/li>\n\n\n\n<li><a href=\"https:\/\/docs.ufpr.br\/~amarilio.floriano\/processo\/UFPR_-_Parceria\/#diagram\/8c3b48ad-c7e0-421f-b108-f850aa561825\">Aquisi\u00e7\u00e3o de bens e servi\u00e7os pela funda\u00e7\u00e3o de apoio<\/a><\/li>\n\n\n\n<li><a href=\"https:\/\/docs.ufpr.br\/~amarilio.floriano\/processo\/UFPR_-_Parceria\/#diagram\/e60bb0d9-eacf-41ce-b357-26c2ce4f4d48\">Contrata\u00e7\u00e3o de m\u00e3o de obra pela funda\u00e7\u00e3o de apoio<\/a><\/li>\n\n\n\n<li><a href=\"https:\/\/docs.ufpr.br\/~amarilio.floriano\/processo\/UFPR_-_Parceria\/#diagram\/eef7095c-8f72-4815-92a8-86b825ce3843\">Conv\u00eanio<\/a><\/li>\n\n\n\n<li><a href=\"https:\/\/docs.ufpr.br\/~amarilio.floriano\/processo\/UFPR_-_Parceria\/#diagram\/a2ce1b24-2d5e-4ac5-bf5f-6805338aeda0\">Contrato tripartite<\/a><\/li>\n\n\n\n<li><a href=\"https:\/\/docs.ufpr.br\/~amarilio.floriano\/processo\/UFPR_-_Parceria\/#diagram\/98e05642-43b7-4fe2-9852-c942a9ac33e9\">Contrato com CHC<\/a><\/li>\n<\/ul>\n\n\n\n<p>MOBILIDADE ACAD\u00caMICA &#8211; <a href=\"https:\/\/internacional.ufpr.br\/portal\/aluno-ufpr\/\">Ag\u00eancia UFPR Internacional I AUI<\/a><\/p>\n\n\n\n<ul class=\"wp-block-list\">\n<li><a href=\"https:\/\/docs.ufpr.br\/~amarilio.floriano\/processo\/UFPR_-_Acordo_de_cooperacao_internacional\/#list\">Acordo de coopera\u00e7\u00e3o internacional<\/a><\/li>\n<\/ul>\n\n\n\n<p>OFERTAS TECNOL\u00d3GICAS &#8211; <a href=\"https:\/\/spin.ufpr.br\/ofertas-tecnologicas\/\">Ofertas Tecnol\u00f3gicas \u2013 SPIn UFPR<\/a><\/p>\n\n\n\n<p>TRANSFER\u00caNCIA DE TECNOLOGIA &#8211; <a href=\"https:\/\/spin.ufpr.br\/transferencia-de-tecnologia\/\">Transfer\u00eancia de Tecnologia \u2013 SPIn UFPR<\/a><\/p>\n\n\n\n<p>PROPRIEDADE INTELECTUAL &#8211; <a href=\"https:\/\/spin.ufpr.br\/proteja-sua-invencao\/\">Proteja sua Inven\u00e7\u00e3o \u2013 SPIn UFPR<\/a><\/p>\n\n\n\n<ul class=\"wp-block-list\">\n<li><a href=\"https:\/\/docs.ufpr.br\/~amarilio.floriano\/processo\/UFPR_-_Parceria\/#diagram\/27a0ef98-6b5a-47f4-b5ba-0e77f22aadd8\">Contrato de cotitularidade de propriedade industrial<\/a><\/li>\n<\/ul>\n\n\n\n<p><\/p>\n\n\n\n<p><\/p>\n","protected":false},"excerpt":{"rendered":"<p>Parcerias, Contratos, Conv\u00eanios, Mobilidade Acad\u00eamica, Emendas Parlamentares, FDA, &#8230; Saiba aqui onde buscar informa\u00e7\u00f5es sobre cada um desses acordos! EMENDAS PARLAMENTARES &#8211; Emendas Parlamentares \u2013 SPIn UFPR PARCERIAS COM EMPRESAS E ORGANIZA\u00c7\u00d5ES &#8211; Empresas e Organiza\u00e7\u00f5es \u2013 SPIn UFPR PROGRAMA DE DOA\u00c7\u00d5ES &#8211; Programa de Doa\u00e7\u00f5es \u2013 SPIn UFPR FUNDA\u00c7\u00d5ES DE APOIO &#8211; Funda\u00e7\u00f5es de [&hellip;]<\/p>\n","protected":false},"author":9,"featured_media":0,"parent":0,"menu_order":0,"comment_status":"closed","ping_status":"closed","template":"","meta":{"footnotes":""},"class_list":["post-2159","page","type-page","status-publish","hentry"],"_links":{"self":[{"href":"https:\/\/cgr.ufpr.br\/portal\/wp-json\/wp\/v2\/pages\/2159","targetHints":{"allow":["GET"]}}],"collection":[{"href":"https:\/\/cgr.ufpr.br\/portal\/wp-json\/wp\/v2\/pages"}],"about":[{"href":"https:\/\/cgr.ufpr.br\/portal\/wp-json\/wp\/v2\/types\/page"}],"author":[{"embeddable":true,"href":"https:\/\/cgr.ufpr.br\/portal\/wp-json\/wp\/v2\/users\/9"}],"replies":[{"embeddable":true,"href":"https:\/\/cgr.ufpr.br\/portal\/wp-json\/wp\/v2\/comments?post=2159"}],"version-history":[{"count":7,"href":"https:\/\/cgr.ufpr.br\/portal\/wp-json\/wp\/v2\/pages\/2159\/revisions"}],"predecessor-version":[{"id":2172,"href":"https:\/\/cgr.ufpr.br\/portal\/wp-json\/wp\/v2\/pages\/2159\/revisions\/2172"}],"wp:attachment":[{"href":"https:\/\/cgr.ufpr.br\/portal\/wp-json\/wp\/v2\/media?parent=2159"}],"curies":[{"name":"wp","href":"https:\/\/api.w.org\/{rel}","templated":true}]}}

Governança de projetos na UFPR

<p>Parcerias, Contratos, Convênios, Mobilidade Acadêmica, Emendas Parlamentares, FDA, &#8230;</p>



<p>Saiba aqui onde buscar informações sobre cada um desses acordos!</p>



<p>EMENDAS PARLAMENTARES &#8211; <a href="https://spin.ufpr.br/emendas-parlamentares/">Emendas Parlamentares – SPIn UFPR</a></p>



<p>PARCERIAS COM EMPRESAS E ORGANIZAÇÕES &#8211; <a href="https://spin.ufpr.br/parcerias-empresas/">Empresas e Organizações – SPIn UFPR</a></p>



<ul class="wp-block-list">
<li><a href="https://docs.ufpr.br/~amarilio.floriano/processo/UFPR_-_Parceria/#diagram/6df5f520-4440-449a-b5b5-c255f81efef4" data-type="link" data-id="https://docs.ufpr.br/~amarilio.floriano/processo/UFPR_-_Parceria/#diagram/6df5f520-4440-449a-b5b5-c255f81efef4">Contrato com empresa</a></li>



<li><a href="https://docs.ufpr.br/~amarilio.floriano/processo/UFPR_-_Parceria/#diagram/1ee749cc-5a3a-4063-916e-d4a6b3070531">Transferência de tecnologia</a></li>



<li><a href="https://docs.ufpr.br/~amarilio.floriano/processo/UFPR_-_Parceria/#diagram/1b21dc34-574f-4ab4-98a8-7e1e6e67daf9">Protocolo de intenções</a></li>



<li><a href="https://docs.ufpr.br/~amarilio.floriano/processo/UFPR_-_Parceria/#diagram/021acdc4-1add-4551-847b-b1b8b4d7524a">Execução descentralizada</a></li>



<li><a href="https://docs.ufpr.br/~amarilio.floriano/processo/UFPR_-_Parceria/#diagram/7900c654-badf-4a0d-9a13-6c8fa49b6ee7">Cooperação Técnica</a></li>



<li><a href="https://docs.ufpr.br/~amarilio.floriano/processo/UFPR_-_Parceria/#diagram/471f310e-2243-4cec-9ecb-26f6fdb873dd">Convênio com Fundação Araucária ou SETI</a></li>



<li><a href="https://docs.ufpr.br/~amarilio.floriano/processo/UFPR_-_Parceria/#diagram/ff014a8a-168a-40cf-a877-3c738be6971e">Contrato internacional</a></li>



<li><a href="https://docs.ufpr.br/~amarilio.floriano/processo/UFPR_-_Parceria/#diagram/b983c839-90dc-41d8-843f-904097defe7b">Contrato de patrocínio</a></li>



<li><a href="https://docs.ufpr.br/~amarilio.floriano/processo/UFPR_-_Parceria/#diagram/bc17ee9f-3d24-4b60-b04b-31a2eba62f84">Contrato de consignação</a></li>



<li><a href="https://docs.ufpr.br/~amarilio.floriano/processo/UFPR_-_Parceria/#diagram/566da18e-ca01-465f-be3a-3b9851bd0818">Aditivo</a></li>



<li><a href="https://docs.ufpr.br/~amarilio.floriano/processo/UFPR_-_Parceria/#diagram/6e7cc4a4-f4ce-4c8b-92a5-7c3a5b62b092">Alteração de Plano de trabalho</a></li>
</ul>



<p>PROGRAMA DE DOAÇÕES &#8211; <a href="https://spin.ufpr.br/programa-de-doacoes/">Programa de Doações – SPIn UFPR</a></p>



<ul class="wp-block-list">
<li><a href="https://docs.ufpr.br/~amarilio.floriano/processo/UFPR_-_Parceria/#diagram/33ac65c5-76b3-4895-b0b5-a8633a114523">Acordo de transferência de material (MTA)</a></li>
</ul>



<p>FUNDAÇÕES DE APOIO &#8211; <a href="https://spin.ufpr.br/fundacoes-de-apoio/">Fundações de Apoio – SPIn UFPR</a></p>



<ul class="wp-block-list">
<li><a href="https://docs.ufpr.br/~amarilio.floriano/processo/UFPR_-_Parceria/#diagram/79b44322-a6ef-4ed6-9e50-47bc70dafecf">Contrato com fundação de apoio</a></li>



<li><a href="https://docs.ufpr.br/~amarilio.floriano/processo/UFPR_-_Parceria/#diagram/8c3b48ad-c7e0-421f-b108-f850aa561825">Aquisição de bens e serviços pela fundação de apoio</a></li>



<li><a href="https://docs.ufpr.br/~amarilio.floriano/processo/UFPR_-_Parceria/#diagram/e60bb0d9-eacf-41ce-b357-26c2ce4f4d48">Contratação de mão de obra pela fundação de apoio</a></li>



<li><a href="https://docs.ufpr.br/~amarilio.floriano/processo/UFPR_-_Parceria/#diagram/eef7095c-8f72-4815-92a8-86b825ce3843">Convênio</a></li>



<li><a href="https://docs.ufpr.br/~amarilio.floriano/processo/UFPR_-_Parceria/#diagram/a2ce1b24-2d5e-4ac5-bf5f-6805338aeda0">Contrato tripartite</a></li>



<li><a href="https://docs.ufpr.br/~amarilio.floriano/processo/UFPR_-_Parceria/#diagram/98e05642-43b7-4fe2-9852-c942a9ac33e9">Contrato com CHC</a></li>
</ul>



<p>MOBILIDADE ACADÊMICA &#8211; <a href="https://internacional.ufpr.br/portal/aluno-ufpr/">Agência UFPR Internacional I AUI</a></p>



<ul class="wp-block-list">
<li><a href="https://docs.ufpr.br/~amarilio.floriano/processo/UFPR_-_Acordo_de_cooperacao_internacional/#list">Acordo de cooperação internacional</a></li>
</ul>



<p>OFERTAS TECNOLÓGICAS &#8211; <a href="https://spin.ufpr.br/ofertas-tecnologicas/">Ofertas Tecnológicas – SPIn UFPR</a></p>



<p>TRANSFERÊNCIA DE TECNOLOGIA &#8211; <a href="https://spin.ufpr.br/transferencia-de-tecnologia/">Transferência de Tecnologia – SPIn UFPR</a></p>



<p>PROPRIEDADE INTELECTUAL &#8211; <a href="https://spin.ufpr.br/proteja-sua-invencao/">Proteja sua Invenção – SPIn UFPR</a></p>



<ul class="wp-block-list">
<li><a href="https://docs.ufpr.br/~amarilio.floriano/processo/UFPR_-_Parceria/#diagram/27a0ef98-6b5a-47f4-b5ba-0e77f22aadd8">Contrato de cotitularidade de propriedade industrial</a></li>
</ul>



<p></p>



<p></p>

<p>Parcerias, Contratos, Convênios, Mobilidade Acadêmica, Emendas Parlamentares, FDA, &#8230; Saiba aqui onde buscar informações sobre cada um desses acordos! EMENDAS PARLAMENTARES &#8211; Emendas Parlamentares – SPIn UFPR PARCERIAS COM EMPRESAS E ORGANIZAÇÕES &#8211; Empresas e Organizações – SPIn UFPR PROGRAMA DE DOAÇÕES &#8211; Programa de Doações – SPIn UFPR FUNDAÇÕES DE APOIO &#8211; Fundações de [&hellip;]</p>
