{"id":485,"date":"2018-05-16T17:10:07","date_gmt":"2018-05-16T20:10:07","guid":{"rendered":"https:\/\/cgr.ufpr.br\/portal\/?page_id=485"},"modified":"2018-05-16T17:18:31","modified_gmt":"2018-05-16T20:18:31","slug":"sei_faq","status":"publish","type":"page","link":"https:\/\/cgr.ufpr.br\/portal\/sei_faq\/","title":{"rendered":"Perguntas frequentes"},"content":{"rendered":"<table>\n<tbody>\n<tr>\n<td><a href=\"#1\">1. Sou servidor ou terceirizado, como acessar o SEI?<\/a><\/td>\n<\/tr>\n<tr>\n<td><a href=\"#2\">2. A minha unidade poder\u00e1 ter um usu\u00e1rio e senha?<\/a><\/td>\n<\/tr>\n<tr>\n<td><a href=\"#3\">3. Sou aluno, como acessar o SEI?<\/a><\/td>\n<\/tr>\n<tr>\n<td><a href=\"#4\">4. O que \u00e9 um usu\u00e1rio externo?<\/a><\/td>\n<\/tr>\n<tr>\n<td><a href=\"#5\">5. Como fica o SIE e os processos em papel?<\/a><\/td>\n<\/tr>\n<tr>\n<td><a href=\"#6\">6. E para o Complexo Hospital de Cl\u00ednicas (CHC), como fica o uso do SIE e do SEI?<\/a><\/td>\n<\/tr>\n<tr>\n<td><a href=\"#7\">7. O SEI \u00e9 acess\u00edvel pela Internet?<\/a><\/td>\n<\/tr>\n<tr>\n<td><a href=\"#8\">8. Qual navegador (browser) devo usar para acessar o SEI?<\/a><\/td>\n<\/tr>\n<tr>\n<td><a href=\"#9\">9. O que \u00e9 assinatura eletr\u00f4nica?<\/a><\/td>\n<\/tr>\n<tr>\n<td><a href=\"#10\">10. A assinatura eletr\u00f4nica \u00e9 legal?<\/a><\/td>\n<\/tr>\n<\/tbody>\n<\/table>\n<p><br id=\"1\" \/><br \/>\n<strong>1. Sou servidor ou terceirizado, como acessar o SEI?<\/strong><\/p>\n<p>Utilize seu usu\u00e1rio <strong>(sem o @ufpr.br)<\/strong>\u00a0e senha da Intranet\/ CorreioUFPR.<\/p>\n<p><br id=\"2\" \/><br \/>\n<strong>2. A minha unidade poder\u00e1 ter um usu\u00e1rio e senha?<\/strong><\/p>\n<p>N\u00e3o. Os acessos ao SEI s\u00e3o pessoais e intransfer\u00edveis, n\u00e3o sendo poss\u00edvel acessar o sistema atrav\u00e9s do e-mail da unidade.<\/p>\n<p><br id=\"3\" \/><br \/>\n<strong>3. Sou aluno, como acessar o SEI?<\/strong><\/p>\n<div>O aluno j\u00e1 tem acesso autorizado ao SEI como usu\u00e1rio externo. Utilize o usu\u00e1rio\u00a0<strong><b>(com o @ufpr.br)<\/b><\/strong>\u00a0e senha de sua conta de e-mail da UFPR \u00a0para\u00a0<span id=\"OBJ_PREFIX_DWT79_com_zimbra_date\" class=\"Object\">ter<\/span>\u00a0acesso ao sistema.\u00a0Caso a senha utilizada para o login n\u00e3o valide o acesso, clique em &#8220;Esqueci minha senha&#8221;, e na tela seguinte coloque seu e-mail,\u00a0desta maneira o SEI ir\u00e1 gerar uma nova senha e enviar para seu e-mail.\u00a0<b>Aten\u00e7\u00e3o<\/b>:\u00a0<strong>esta nova senha ser\u00e1 para uso exclusivo no SEI, a senha de acesso a intranet\/webmail permanece\u00a0inalterada.<\/strong><\/div>\n<div><\/div>\n<div>Clique\u00a0<span id=\"OBJ_PREFIX_DWT80_com_zimbra_url\" class=\"Object\"><a href=\"https:\/\/sei.ufpr.br\/sei\/web\/controlador_externo.php?acao=usuario_externo_logar&amp;id_orgao_acesso_externo=0\" target=\"_blank\" rel=\"noopener\">aqui<\/a><\/span>\u00a0para acessar o SEI como usu\u00e1rio externo.<\/div>\n<p><br id=\"4\" \/><br \/>\n<strong>4. O que \u00e9 um usu\u00e1rio externo?<\/strong><\/p>\n<p>\u00c9 a pessoa autorizada a visualizar processos e documentos do SEI, que tamb\u00e9m pode obter autoriza\u00e7\u00e3o para assinar documentos disponibilizados para este fim. Qualquer cidad\u00e3o interessado em processos da UFPR pode se cadastrar no SEI como usu\u00e1rio externo.<\/p>\n<p>Clique <a href=\"https:\/\/sei.ufpr.br\/sei\/web\/controlador_externo.php?acao=usuario_externo_avisar_cadastro&amp;id_orgao_acesso_externo=0\" target=\"_blank\" rel=\"noopener\">aqui<\/a> para se cadastrar ou acessar o SEI como usu\u00e1rio externo.<\/p>\n<p><br id=\"5\" \/><br \/>\n<strong>5. Como fica o SIE e os processos em papel?<\/strong><\/p>\n<p>Desde o dia 09\/12\/2016 o SIE est\u00e1 aberto somente para tramita\u00e7\u00e3o de processos j\u00e1 existentes na UFPR. Ap\u00f3s esta data, todos os novos processos administrativos e financeiros dever\u00e3o ser criados no SEI. Os processos f\u00edsicos poder\u00e3o continuar em papel ou poder\u00e3o ser digitalizados e migrados para o SEI, a crit\u00e9rio de cada unidade.<\/p>\n<p><br id=\"6\" \/><br \/>\n<strong>6. E para o Complexo Hospital de Cl\u00ednicas (CHC), como fica o uso do SIE e do SEI?<\/strong><\/p>\n<p>O SIE continuar\u00e1 dispon\u00edvel tanto para abertura quanto para tramita\u00e7\u00e3o de processos f\u00edsicos no CHC. No entanto, para os servidores da UFPR lotados no CHC (v\u00ednculo RJU), processos relativos a quest\u00f5es de RH (PROGEPE) dever\u00e3o ser abertos no SEI (procure a Divis\u00e3o de Gest\u00e3o de Pessoas do CHC).<\/p>\n<p><br id=\"7\" \/><br \/>\n<strong>7. O SEI \u00e9 acess\u00edvel pela Internet?<\/strong><\/p>\n<p>Sim. O SEI \u00e9 um sistema 100% web e pode ser acessado de qualquer lugar da Internet, n\u00e3o necessitando ser instalado no computador.<\/p>\n<p><br id=\"8\" \/><br \/>\n<strong>8. Qual navegador (browser) devo usar para acessar o SEI?<\/strong><\/p>\n<p>O SEI \u00e9 compat\u00edvel com Firefox, Google Chrome ou Internet Explorer\/Edge, por\u00e9m apresenta maior compatibilidade com o Firefox (recomendado). Caso voc\u00ea observe\u00a0problemas no preenchimento de documentos, experimente utilizar o Firefox.<\/p>\n<p><br id=\"9\" \/><br \/>\n<strong>9. O que \u00e9 assinatura eletr\u00f4nica?<\/strong> (Fonte: <a href=\"http:\/\/www.trt4.jus.br\/content-portlet\/download\/68\/certificado_digital_ins.pdf\" target=\"_blank\" rel=\"noopener\">Documento TRT-4<\/a>)<\/p>\n<p>No SEI a assinatura eletr\u00f4nica consiste em utilizar o usu\u00e1rio e senha para assinar um documento. A assinatura eletr\u00f4nica ou digital garante ao destinat\u00e1rio que o documento n\u00e3o foi alterado ao ser enviado (integridade) e ainda comprova a autoria do emitente (autenticidade). Os documentos assinados no SEI exibir\u00e3o as assinaturas eletr\u00f4nicas ao final da p\u00e1gina e \u00e9 poss\u00edvel confirmar a autenticidade <a href=\"https:\/\/sei.ufpr.br\/autentica\" target=\"_blank\" rel=\"noopener\">neste link<\/a>.<\/p>\n<p><br id=\"10\" \/><br \/>\n<strong>10. A assinatura eletr\u00f4nica \u00e9 legal?<\/strong><\/p>\n<p>Sim! O <a href=\"http:\/\/www.planalto.gov.br\/ccivil_03\/_Ato2015-2018\/2015\/Decreto\/D8539.htm\">Decreto 8539 de 08 de outubro de 2015<\/a> regulamenta o uso do meio eletr\u00f4nico para a realiza\u00e7\u00e3o do processo administrativo no \u00e2mbito dos \u00f3rg\u00e3os e das entidades da administra\u00e7\u00e3o p\u00fablica federal direta, aut\u00e1rquica e fundacional.<\/p>\n<p>Para mais informa\u00e7\u00f5es sobre a base legal do SEI acesse a p\u00e1gina <a href=\"https:\/\/cgr.ufpr.br\/sei\">Sobre<\/a>.<\/p>\n","protected":false},"excerpt":{"rendered":"<p>1. Sou servidor ou terceirizado, como acessar o SEI? 2. A minha unidade poder\u00e1 ter um usu\u00e1rio e senha? 3. Sou aluno, como acessar o SEI? 4. O que \u00e9 um usu\u00e1rio externo? 5. Como fica o SIE e os processos em papel? 6. E para o Complexo Hospital de Cl\u00ednicas (CHC), como fica o [&hellip;]<\/p>\n","protected":false},"author":8,"featured_media":0,"parent":0,"menu_order":0,"comment_status":"closed","ping_status":"closed","template":"","meta":{"footnotes":""},"class_list":["post-485","page","type-page","status-publish","hentry"],"_links":{"self":[{"href":"https:\/\/cgr.ufpr.br\/portal\/wp-json\/wp\/v2\/pages\/485","targetHints":{"allow":["GET"]}}],"collection":[{"href":"https:\/\/cgr.ufpr.br\/portal\/wp-json\/wp\/v2\/pages"}],"about":[{"href":"https:\/\/cgr.ufpr.br\/portal\/wp-json\/wp\/v2\/types\/page"}],"author":[{"embeddable":true,"href":"https:\/\/cgr.ufpr.br\/portal\/wp-json\/wp\/v2\/users\/8"}],"replies":[{"embeddable":true,"href":"https:\/\/cgr.ufpr.br\/portal\/wp-json\/wp\/v2\/comments?post=485"}],"version-history":[{"count":7,"href":"https:\/\/cgr.ufpr.br\/portal\/wp-json\/wp\/v2\/pages\/485\/revisions"}],"predecessor-version":[{"id":495,"href":"https:\/\/cgr.ufpr.br\/portal\/wp-json\/wp\/v2\/pages\/485\/revisions\/495"}],"wp:attachment":[{"href":"https:\/\/cgr.ufpr.br\/portal\/wp-json\/wp\/v2\/media?parent=485"}],"curies":[{"name":"wp","href":"https:\/\/api.w.org\/{rel}","templated":true}]}}